 8352 and 84?
12
What is the highest common divisor of 15 and 1929?
3
Calculate the highest common divisor of 1106 and 42.
14
What is the greatest common divisor of 84 and 876?
12
Calculate the highest common divisor of 882 and 490.
98
What is the greatest common factor of 2232 and 504?
72
Calculate the greatest common factor of 312 and 4.
4
Calculate the highest common divisor of 490 and 62.
2
What is the highest common factor of 5250 and 98?
14
What is the greatest common factor of 2788 and 410?
82
Calculate the highest common divisor of 64 and 112.
16
What is the greatest common factor of 2 and 10?
2
What is the highest common divisor of 1632 and 4?
4
What is the highest common factor of 600 and 24?
24
What is the highest common divisor of 8 and 10312?
8
What is the greatest common factor of 8528 and 16?
16
Calculate the highest common factor of 51 and 2771.
17
What is the greatest common divisor of 33 and 3168?
33
What is the highest common divisor of 406 and 5887?
203
What is the greatest common divisor of 3780 and 280?
140
What is the greatest common divisor of 11 and 5?
1
Calculate the greatest common divisor of 37 and 37.
37
What is the greatest common factor of 801 and 27?
9
Calculate the greatest common factor of 117 and 63.
9
What is the highest common divisor of 98 and 406?
14
Calculate the greatest common divisor of 9 and 13941.
9
Calculate the highest common factor of 1650 and 220.
110
Calculate the highest common divisor of 16 and 232.
8
Calculate the highest common divisor of 506 and 1892.
22
What is the greatest common factor of 23 and 6233?
23
Calculate the greatest common factor of 26 and 832.
26
Calculate the greatest common divisor of 7 and 77.
7
Calculate the greatest common factor of 10 and 24940.
10
What is the greatest common divisor of 84 and 48?
12
Calculate the greatest common factor of 39 and 67197.
39
What is the highest common divisor of 2233 and 176?
11
Calculate the highest common factor of 222 and 2812.
74
What is the greatest common divisor of 3 and 9?
3
Calculate the greatest common divisor of 3300 and 22.
22
Calculate the greatest common divisor of 600 and 32700.
300
What is the highest common divisor of 147 and 21?
21
Calculate the highest common factor of 15 and 1835.
5
What is the greatest common factor of 26651 and 29?
29
Calculate the greatest common factor of 614 and 21797.
307
What is the highest common divisor of 8640 and 24?
24
Calculate the highest common factor of 32 and 904.
8
Calculate the highest common divisor of 13 and 13.
13
What is the highest common factor of 99 and 36?
9
What is the greatest common factor of 165 and 315?
15
Calculate the highest common divisor of 12224 and 64.
64
What is the greatest common factor of 7 and 4837?
7
What is the greatest common factor of 15996 and 43?
43
What is the highest common divisor of 20 and 45?
5
What is the greatest common factor of 210 and 8310?
30
What is the highest common factor of 4012 and 272?
68
What is the highest common factor of 1365 and 60?
15
What is the greatest common factor of 2684 and 44?
44
What is the greatest common factor of 162 and 36?
18
Calculate the greatest common divisor of 1477 and 422.
211
Calculate the highest common factor of 70 and 3535.
35
Calculate the greatest common factor of 14448 and 56.
56
Calculate the highest common factor of 702 and 3.
3
Calculate the greatest common divisor of 4525 and 475.
25
What is the greatest common factor of 161 and 667?
23
Calculate the highest common factor of 573 and 6.
3
Calculate the greatest common factor of 9701 and 327.
109
Calculate the greatest common divisor of 408 and 216.
24
Calculate the highest common divisor of 5 and 35.
5
Calculate the greatest common divisor of 3 and 57.
3
What is the highest common divisor of 96 and 208?
16
Calculate the highest common divisor of 39 and 533.
13
What is the greatest common factor of 8 and 6288?
8
What is the greatest common divisor of 1065 and 45?
15
What is the highest common divisor of 625 and 50?
25
What is the greatest common factor of 18 and 765?
9
Calculate the highest common factor of 1326 and 306.
102
What is the highest common factor of 5 and 31?
1
What is the highest common divisor of 1845 and 90?
45
Calculate the greatest common divisor of 627 and 513.
57
Calculate the greatest common divisor of 79 and 4187.
79
Calculate the greatest common factor of 669 and 3.
3
Calculate the highest common divisor of 104 and 13.
13
Calculate the highest common divisor of 51 and 646.
17
Calculate the highest common divisor of 16 and 76.
4
What is the greatest common divisor of 1722 and 2394?
42
Calculate the greatest common factor of 46 and 2921.
23
What is the greatest common divisor of 7644 and 147?
147
What is the highest common factor of 986 and 34?
34
What is the highest common divisor of 50017 and 33?
11
Calculate the highest common divisor of 28100 and 200.
100
Calculate the greatest common divisor of 608 and 10108.
76
What is the highest common divisor of 1496 and 272?
136
Calculate the greatest common factor of 18082 and 2.
2
Calculate the highest common divisor of 1207 and 71.
71
Calculate the greatest common factor of 564 and 12.
12
What is the highest common divisor of 2806 and 61?
61
Calculate the highest common factor of 1000 and 8.
8
What is the greatest common factor of 2864 and 40?
8
Calculate the highest common factor of 1634 and 76.
38
What is the highest common divisor of 14036 and 176?
44
Calculate the greatest common factor of 7 and 161.
7
What is the greatest common factor of 260 and 40?
20
What is the highest common divisor of 2 and 26?
2
What is the highest common divisor of 4340 and 210?
70
Calculate the highest common factor of 625 and 50.
25
Calculate the highest common factor of 270 and 30.
30
What is the highest common factor of 8724 and 36?
12
What is the greatest common factor of 10128 and 144?
48
Calculate the greatest common divisor of 2805 and 170.
85
Calculate the greatest common factor of 26 and 51.
1
What is the highest common factor of 546 and 3367?
91
What is the highest common factor of 119 and 17?
17
What is the greatest common divisor of 71 and 1207?
71
Calculate the greatest common factor of 47 and 47.
47
What is the highest common factor of 1548 and 2924?
172
What is the highest common factor of 7831 and 191?
191
Calculate the highest common divisor of 40 and 264.
8
What is the greatest common factor of 2 and 64?
2
What is the highest common factor of 70 and 20?
10
Calculate the greatest common divisor of 498 and 249.
249
Calculate the highest common factor of 6 and 2514.
6
Calculate the highest common divisor of 1564 and 476.
68
What is the highest common divisor of 1339 and 52?
13
Calculate the highest common divisor of 34 and 2193.
17
Calculate the highest common factor of 2702 and 322.
14
Calculate the greatest common divisor of 42 and 8.
2
Calculate the greatest common factor of 6 and 7.
1
Calculate the greatest common factor of 266 and 182.
14
What is the greatest common factor of 32 and 144?
16
What is the highest common divisor of 182 and 28?
14
What is the greatest common divisor of 3 and 3093?
3
Calculate the greatest common divisor of 11 and 275.
11
Calculate the greatest common factor of 95 and 152.
19
What is the highest common factor of 228 and 32?
4
Calculate the greatest common factor of 6513 and 117.
39
Calculate the greatest common factor of 88 and 20.
4
Calculate the highest common divisor of 29370 and 55.
55
What is the highest common divisor of 253 and 11?
11
Calculate the highest common divisor of 343 and 7.
7
What is the greatest common factor of 23 and 1633?
23
Calculate the highest common divisor of 144 and 1032.
24
Calculate the greatest common divisor of 46 and 1104.
46
Calculate the greatest common divisor of 244 and 2806.
122
Calculate the highest common factor of 551 and 19.
19
What is the highest common divisor of 3381 and 4704?
147
What is the highest common divisor of 22 and 198?
22
Calculate the highest common factor of 141 and 329.
47
Calculate the greatest common divisor of 996 and 12.
12
Calculate the highest common divisor of 245 and 25235.
245
What is the greatest common divisor of 1584 and 1152?
144
Calculate the highest common divisor of 180 and 585